 of t?
2
Let z(y) be the third derivative of y**6/120 - 5*y**4/24 + 2*y**3/3 - 2*y**2. Let g be z(4). Suppose j - g = -j. What are the prime factors of j?
2, 3
Suppose 45 = o - 15. Let y = -35 + o. What are the prime factors of y?
5
Let i(s) = s**3 + 9*s**2 + 6*s + 3. Let u be (-342)/45 - (-4)/(-10). List the prime factors of i(u).
19
Let j(p) = p**2 - 2*p**3 + p + 2 - p. Let r be j(2). Let c = 17 + r. What are the prime factors of c?
7
Let k be (-2 - 0/2) + 0. Let i be -34*(0 + 0 + k). List the prime factors of i/6 + 2/(-6).
11
Suppose -q - 4*q + 80 = 0. What are the prime factors of q?
2
Suppose -d = -4*n + 9 - 34, -5*d = -4*n - 173. List the prime factors of d.
37
What are the prime factors of 557/7 - (-8)/(-14)?
79
Let j(f) = 2*f**2 + f + 1. Let h(i) = -2*i**2 - i - 1. Let x(l) = -3*h(l) - 2*j(l). List the prime factors of x(-3).
2
Suppose d = 4*f - 117, 5*d = 3*f + 3*d - 84. Suppose -s + 6*s = f. What are the prime factors of s?
2, 3
Let g(r) = r**3 + 12*r**2 - 14*r + 4. Let q be g(-13). Let p = 1 + q. List the prime factors of p.
2, 3
Let b = -11 + 5. Let c = b - -9. Suppose 8 = -d + 4*y, 2*d = -c*d - 2*y + 70. List the prime factors of d.
2, 3
Let i be (-5 - -1) + 3 + 1. Suppose 6*g - g - 55 = i. What are the prime factors of g?
11
Suppose -5*u = -u - 8. Suppose 0 = -u*i + 37 + 3. List the prime factors of i.
2, 5
Suppose 3*j + 85 = -2*a + 260, -2*j = -2. What are the prime factors of a?
2, 43
Suppose 3 = -4*j + 5*j, 5*j = 5*l - 380. What are the prime factors of l?
79
Suppose -y + 21 = 2*y. Let x = 14 - y. What are the prime factors of x?
7
Suppose -36*h - 522 = -42*h. List the prime factors of h.
3, 29
List the prime factors of (136/(-3))/(1/(-3) + 0).
2, 17
Suppose 4*x - 2*b = 0, 0*x + 2*b = 3*x. Suppose x = 3*f - 3*j - 11 - 31, -56 = -4*f - 4*j. List the prime factors of f.
2, 7
Suppose 2*l + 16 = b + 66, -49 = -3*l - 5*b. List the prime factors of l.
23
Let q(n) = n**3 + 9*n**2 + 7*n. Let v be q(-8). Suppose 4*a + 4 + v = 0. List the prime factors of a - ((2 - 8) + -3).
2, 3
Suppose -3*u + 3 = -6. Suppose 2*p + 21 = u*p. Suppose -9 = h - p. What are the prime factors of h?
2, 3
What are the prime factors of -75*(6/9)/((-5)/30)?
2, 3, 5
Suppose 0 = -3*p - 2*d + 37, 3*p + d = -2*d + 39. Suppose 175 = 4*r + p. Let h = r + -28. List the prime factors of h.
13
Let g = -63 + 114. List the prime factors of g.
3, 17
Suppose -2 = 4*n - 3*n, 2*n + 85 = -3*c. Let d = -11 - c. List the prime factors of d.
2
What are the prime factors of 1*-4 + -3 + 13?
2, 3
Suppose k = -k + 8. Let a = k + -3. List the prime factors of 6/((1 + 1)*a).
3
Suppose 5*q = 13 + 42. Let y = q + 0. List the prime factors of y.
11
Suppose 3 + 7 = 2*w. Suppose -5 = -5*d, 0*z + 26 = w*z + d. Suppose -8 = -z*v + 27. List the prime factors of v.
7
Let g(s) = 7*s**2 - s - 2. List the prime factors of g(3).
2, 29
Suppose -5*b = 2*t + 18, 0*b + 4*t - 8 = b. What are the prime factors of ((-5)/(-4))/(b/(-80))?
5
Let x = 9 + -7. Suppose 10 = 4*i - x. What are the prime factors of (1 - (-3)/i) + 2?
2
Let x be (-5)/(-20) - (-9)/(-4). Let s = x + 6. What are the prime factors of s?
2
Let q(x) be the first derivative of 4*x**3/3 + x**2 + x - 3. What are the prime factors of q(-2)?
13
Suppose -4*g - 22 = -3*n, 0 = -4*n - g + 2*g + 12. Suppose -4*s + n*s - 610 = 0. List the prime factors of s/(-45) - 2/(-9).
7
List the prime factors of (18/8)/(12/64).
2, 3
Suppose 0 = -0*g + 2*g. Let u be g + (-2)/2 + 1. Suppose -r + u + 10 = 0. What are the prime factors of r?
2, 5
Let o(p) be the second derivative of -p**4/12 - 2*p**3 - 7*p**2 + p. Let h(q) = -8*q**2 + 2*q. Let w be h(-1). List the prime factors of o(w).
2, 3
Let o(c) be the third derivative of -c**5/30 - 5*c**4/24 - 2*c**3/3 + c**2. Let l be o(-4). Let t = l - -26. What are the prime factors of t?
2, 5
Let j be 145/(-2) + (-10)/20. Let o = -30 - j. List the prime factors of o.
43
Suppose -y + 5 = -2*y. Let i(b) = -b**2 - 8*b - 3. List the prime factors of i(y).
2, 3
What are the prime factors of -26*1*((-27)/6 - -1)?
7, 13
Suppose -5*x + 117 = 2*j - 2*x, -78 = -j + 5*x. List the prime factors of j.
3, 7
Let z(k) = -k**2 + 5*k + 2. Let r be z(3). What are the prime factors of (27/12)/(2/r)?
3
Suppose -3*c = 4*c - 1001. List the prime factors of c.
11, 13
Let i = -16 + 15. List the prime factors of 51/6*(i - -3).
17
Let x(z) = z**3 - z + 1. Let p(w) = w**2 + 3*w. Let k be p(-4). Suppose -c = v + 2 - 3, -k*c = -2*v + 8. List the prime factors of x(v).
7
Let m = 6 - 3. Suppose -m*u = -5*u + 34. What are the prime factors of u?
17
Let t be 3/(-2)*(-12)/6. Suppose 2*w - w = 2*r + 19, w - t*r = 22. What are the prime factors of w?
13
Let n = 94 - 31. List the prime factors of (-2)/8 + n/12.
5
Suppose 5*o = 9 + 16. What are the prime factors of -3*o*(-2)/6?
5
Suppose 0 = -4*z + 3 + 9. Suppose a + z = 38. Suppose 0 = -c - 5*t + 34, -a = -3*c + t + 3. What are the prime factors of c?
2, 7
Suppose -114 = 2*x - 4*x. List the prime factors of x.
3, 19
Let b(m) = -m**3 + 11*m**2 + 4*m + 23. List the prime factors of b(11).
67
Let t = 11 - -17. Suppose t = -3*o + 7*o. List the prime factors of o.
7
Let r(u) = -u + 5. Let d be r(3). Suppose a = d*k + 8, 3 - 4 = -2*a - k. What are the prime factors of a?
2
Let p be -1 - 5*(2 - 3). Suppose -3*v + 4*k + 90 = 33, -p*v + 3*k + 69 = 0. List the prime factors of v.
3, 5
Suppose 4*a = 25 + 55. List the prime factors of a.
2, 5
Let g be -2 + (2 - (-1 - -1)). Suppose g*f - 5*f = 20. Let c(z) = z**2 + 4*z + 6. What are the prime factors of c(f)?
2, 3
Suppose 5*z = -5*k + 275, z - 7 = -4*k + 33. What are the prime factors of z?
2, 3, 5
Let h(s) = -11*s + 3 + 2 - 1 + s**2 + 1. List the prime factors of h(11).
5
List the prime factors of (-12)/(-18) - (-758)/6.
127
Suppose 2*n - 429 = 141. What are the prime factors of n?
3, 5, 19
Suppose 2*r - 25 = -8*u + 3*u, 3*u + 78 = 5*r. List the prime factors of r.
3, 5
Let p(f) = -f**3 + 4*f**2 + 6*f - 1. Let b be p(5). Let r = -8 - b. List the prime factors of 6/4*r/(-9).
2
Suppose 4*a - 260 = -3*z, 0*z + z = 0. List the prime factors of a.
5, 13
Suppose -2*z = -3*z - 15. Let k = z - -33. Suppose 5*f - 12 = k. What are the prime factors of f?
2, 3
Let z(r) = -5*r + 5. Let i be z(6). Let l = -1 - i. What are the prime factors of l?
2, 3
Let s(k) = 3*k - 7. Let h be s(3). Suppose -h*p + 23 = -9. What are the prime factors of p?
2
Suppose c + 2 = -0*c, -2*w - 5*c + 10 = 0. List the prime factors of w.
2, 5
Suppose -5*v = -4*v. Suppose 3*q = -d + 13, -3*d + v*q + 13 = -4*q. List the prime factors of d.
7
Let s = -29 - -17. Let q = s - -22. List the prime factors of q.
2, 5
Let m(g) = -g**3 + 11*g**2 - 9*g - 8. Let o be m(10). Suppose -2*k - 2 = -r, 2 = o*k - 6. List the prime factors of r.
2, 5
Suppose 2*g = 3 + 1. Suppose 0 = -2*n - g*f + 24, -2*n + 3*n - 2 = f. What are the prime factors of 0 + n - (-2 + 5)?
2
Let a(u) = u**3 + u**2 + 1. Let x be a(-3). Let w = x - -29. Let m = w + 0. What are the prime factors of m?
2, 3
Let w(h) = -2*h - 7. Let p(n) = 2*n + 6. Let m(j) = 5*p(j) + 4*w(j). Let s be m(-5). List the prime factors of 2 + 0 + (2 - s).
2, 3
Let s be (-6)/2 + -3 + 4. Let y be -1 + (2 - s/1). Let f = 7 - y. List the prime factors of f.
2
Let z be -1 + (15 - 0) + 0. Let d be 3 + 0 + (3 - -9)/2. Let g = z - d. List the prime factors of g.
5
Let k be -2 - (-3 - 20/(-4)). List the prime factors of (-3 + 2 + 0)*k.
2
Suppose 54 = -a - a. Let c = 43 + a. Suppose -2*z = 2*z - c. What are the prime factors of z?
2
Let i(g) = g**3 - g**2 + g + 5. Let h be i(0). Let o = 0 - h. Let v(p) = -p**2 - 5*p + 4. What are the prime factors of v(o)?
2
Let v = -7 - -11. List the prime factors of ((-21)/v)/((-15)/40).
2, 7
Suppose 4*r - 544 = 284. List the prime factors of r.
3, 23
Let m(x) = x + 1. What are the prime factors of m(10)?
11
Let j(w) = 9*w - 37. What are the prime factors of j(10)?
53
Suppose 0 = -4*j - m - 2, 2*j - 3*m + 0*m - 6 = 0. Let s = j + 8. What are the prime factors of s?
2
Suppose 15 = c + j, 5*c + 0*j = -j + 67. List the prime factors of c.
13
Let a = 7 + -4. Suppose 0 = 8*m - a*m - 50. List the prime factors of m.
2, 5
Let n be (2 - -1)/((-3)/(-3)). List the prime factors of n - 4*4/(-8).
5
Suppose 0 = -5*i - t + 3*t - 5, -17 = -i + 4*t. Let p(m) be the